{"id":5597,"date":"2019-05-06T08:55:33","date_gmt":"2019-05-06T07:55:33","guid":{"rendered":"http:\/\/www.euchems.eu\/newsletters\/?page_id=5597"},"modified":"2019-10-28T08:34:51","modified_gmt":"2019-10-28T07:34:51","slug":"research-2","status":"publish","type":"page","link":"https:\/\/www.euchems.eu\/newsletters\/chemistry-in-europe-2019-2\/research-2\/","title":{"rendered":"Research"},"content":{"rendered":"<p>[vc_row css=&#8221;.vc_custom_1462799152464{margin-top: 0px !important;margin-right: 0px !important;margin-bottom: 40px !important;margin-left: 0px !important;border-top-width: 0px !important;border-right-width: 0px !important;border-bottom-width: 6px !important;border-left-width: 0px !important;padding-top: 0px !important;padding-right: 0px !important;padding-bottom: 10px !important;padding-left: 0px !important;border-left-color: #003399 !important;border-left-style: solid !important;border-right-color: #003399 !important;border-right-style: solid !important;border-top-color: #003399 !important;border-top-style: solid !important;border-bottom-color: #003399 !important;border-bottom-style: solid !important;}&#8221;][vc_column el_class=&#8221;kw-menu-topics&#8221; css=&#8221;.vc_custom_1462791631311{margin-top: 0px !important;margin-right: 0px !important;margin-bottom: 0px !important;margin-left: 0px !important;}&#8221;][vc_column_text]<\/p>\n<ul>\n<li><a href=\"http:\/\/www.euchems.eu\/newsletters\/chemistry-in-europe-2019-2\/\">2019-2<\/a><\/li>\n<li><a href=\"http:\/\/www.euchems.eu\/newsletters\/chemistry-in-europe-2019-2\/policy\/\">Policy<\/a><\/li>\n<li class=\"topic-current\"><a href=\"http:\/\/www.euchems.eu\/newsletters\/chemistry-in-europe-2019-2\/research\/\">Research<\/a><\/li>\n<li><a href=\"http:\/\/www.euchems.eu\/newsletters\/chemistry-in-europe-2019-2\/members-perspectives\/\">Members\u00b4 Perspectives<\/a><\/li>\n<li><a href=\"http:\/\/www.euchems.eu\/newsletters\/chemistry-in-europe-2019-2\/meet\/\">Meet&#8230;<\/a><\/li>\n<li><a href=\"http:\/\/www.euchems.eu\/newsletters\/chemistry-in-europe-2019-2\/notes\/\">Notes<\/a><\/li>\n<li><a href=\"http:\/\/www.euchems.eu\/newsletters\/chemistry-in-europe-2019-2\/calendar\/\">Calendar<\/a><\/li>\n<li><a href=\"http:\/\/www.euchems.eu\/newsletters\/chemistry-in-europe-2019-2\/funny\/\">Funny<\/a><\/li>\n<li><a href=\"http:\/\/www.euchems.eu\/newsletters\/chemistry-in-europe-2019-2\/colophon\/\">Colophon<\/a><\/li>\n<\/ul>\n<p>[\/vc_column_text][\/vc_column][\/vc_row][vc_row][vc_column][mnky_heading title=&#8221;Research&#8221; color=&#8221;#457ae6&#8243; line_color=&#8221;#e2e2e2&#8243; line_part_color=&#8221;#457ae6&#8243;][\/vc_column][\/vc_row][vc_row css=&#8221;.vc_custom_1462798912371{margin-bottom: 40px !important;}&#8221;][vc_column][vc_column_text]<span style=\"font-size: 36pt; color: #003399;\"><strong><span style=\"font-size: 24pt;\">14<sup>th<\/sup> EYCN Delegate Assembly in Bremen<\/span><\/strong><\/span><\/p>\n<figure id=\"attachment_5614\" aria-describedby=\"caption-attachment-5614\" style=\"width: 300px\" class=\"wp-caption alignright\"><img data-attachment-id=\"5614\" data-permalink=\"https:\/\/www.euchems.eu\/newsletters\/chemistry-in-europe-2019-2\/research-2\/fghfh\/\" data-orig-file=\"https:\/\/i0.wp.com\/www.euchems.eu\/newsletters\/wp-content\/uploads\/2019\/05\/fghfh.png?fit=572%2C793&amp;ssl=1\" data-orig-size=\"572,793\" data-comments-opened=\"0\" data-image-meta=\"{&quot;aperture&quot;:&quot;0&quot;,&quot;credit&quot;:&quot;&quot;,&quot;camera&quot;:&quot;&quot;,&quot;caption&quot;:&quot;&quot;,&quot;created_timestamp&quot;:&quot;0&quot;,&quot;copyright&quot;:&quot;&quot;,&quot;focal_length&quot;:&quot;0&quot;,&quot;iso&quot;:&quot;0&quot;,&quot;shutter_speed&quot;:&quot;0&quot;,&quot;title&quot;:&quot;&quot;,&quot;orientation&quot;:&quot;0&quot;}\" data-image-title=\"fghfh\" data-image-description=\"\" data-image-caption=\"&lt;p&gt;EYCN Delegate Assembly, Bremen, Germany&lt;\/p&gt;\n\" data-medium-file=\"https:\/\/i0.wp.com\/www.euchems.eu\/newsletters\/wp-content\/uploads\/2019\/05\/fghfh.png?fit=216%2C300&amp;ssl=1\" data-large-file=\"https:\/\/i0.wp.com\/www.euchems.eu\/newsletters\/wp-content\/uploads\/2019\/05\/fghfh.png?fit=572%2C793&amp;ssl=1\" loading=\"lazy\" class=\"wp-image-5614\" src=\"https:\/\/i0.wp.com\/www.euchems.eu\/newsletters\/wp-content\/uploads\/2019\/05\/fghfh.png?resize=300%2C416\" alt=\"\" width=\"300\" height=\"416\" srcset=\"https:\/\/i0.wp.com\/www.euchems.eu\/newsletters\/wp-content\/uploads\/2019\/05\/fghfh.png?w=572&amp;ssl=1 572w, https:\/\/i0.wp.com\/www.euchems.eu\/newsletters\/wp-content\/uploads\/2019\/05\/fghfh.png?resize=216%2C300&amp;ssl=1 216w\" sizes=\"(max-width: 300px) 100vw, 300px\" data-recalc-dims=\"1\" \/><figcaption id=\"caption-attachment-5614\" class=\"wp-caption-text\">EYCN Delegate Assembly, Bremen, Germany<\/figcaption><\/figure>\n<p>The motivated young scientists of the European Young Chemists\u2019 Network (EYCN) continue to promote chemistry across and beyond Europe. Over the past year, the representatives from 29 European countries facilitated the exchange of knowledge and experience among young chemists in academia and industry, as well as in professional and governing bodies, increasing the visibility of chemistry, while supporting young chemists at the beginning of their careers.<\/p>\n<p>The 14<sup>th<\/sup> Delegate Assembly (DA) of the EYCN took place in Bremen, Germany, on 17-20 March 2019 and was organised with the support of the German Young Chemists\u2019 Network (GDCh-JCF). In addition to the Delegates and former Board Members, led by the Chair, Alice Sold\u00e0, who provided overviews of their respective activities, a number of guests contributed to the event. Among them, the GDCh CEO, Wolfram Koch, welcomed the EYCN delegates and guests virtually. Furthermore, the EuChemS President Pilar Goya Laza, and Science Communication and Policy Officer, Alex Schiphorst, talked about the role and activities of EuChemS. In addition to the European partners, the American Chemical Society (ACS) was represented by Jackie O\u2019Neil and Juan Carlos Aponte-Santini from the ACS-YCC. Other insightful contributions were provided by Bibiana Campos-Seijo, Editor-in-Chief of C&amp;EN, Catherine Rawlins (Conference Presence Chair of IYCN), Anni Siltanen (ECEG and the Finnish Chemical Industry), Christian B\u00fcrger (CEO of chembid GmbH), and Matthias Kleff from Evonik Industries, long-term partner and sponsor of the EYCN.<\/p>\n<p>The 14<sup>th<\/sup> DA was also accompanied by the elections for the new, biennial Board of EYCN. New Board members were elected, as detailed on the EYCN <a href=\"https:\/\/www.euchems.eu\/divisions\/european-young-chemists-network\/board\/\">website<\/a>. Antonio M. Rodr\u00edguez Garc\u00eda, a postdoctoral researcher was elected Chair of the EYCN for the next two years, taking over from Alice Sold\u00e0. The 15<sup>th<\/sup> DA of EYCN, will take place in February 2020 in Sitges, Spain, organised by the Catalan Chemical Society.<\/p>\n<p>Over the next two years, the EYCN will continue with its activities and the involvement in public outreach events, taking part in national and international chemistry-related events, organising meetings, and promoting the interaction of the young chemists\u2019 community at a European level. Furthermore, the EYCN will support young chemists by establishing international collaborations and promoting awards and prizes, as well as delivering soft-skills trainings to stimulate their career development.<\/p>\n<p style=\"text-align: right;\"><em>The EYCN Team<\/em><\/p>\n<p>[\/vc_column_text][vc_separator][\/vc_column][\/vc_row][vc_row css=&#8221;.vc_custom_1462798912371{margin-bottom: 40px !important;}&#8221;][vc_column][vc_column_text]<span style=\"font-size: 36pt; color: #003399;\"><strong><span style=\"font-size: 24pt;\"><em>Chemistry Rediscovered\u00a0<\/em>video contest: &#8220;In Your Element&#8221;<\/span><\/strong><\/span><\/p>\n<figure id=\"attachment_5615\" aria-describedby=\"caption-attachment-5615\" style=\"width: 300px\" class=\"wp-caption alignleft\"><img data-attachment-id=\"5615\" data-permalink=\"https:\/\/www.euchems.eu\/newsletters\/chemistry-in-europe-2019-2\/research-2\/red\/\" data-orig-file=\"https:\/\/i0.wp.com\/www.euchems.eu\/newsletters\/wp-content\/uploads\/2019\/05\/red.jpg?fit=912%2C606&amp;ssl=1\" data-orig-size=\"912,606\" data-comments-opened=\"0\" data-image-meta=\"{&quot;aperture&quot;:&quot;0&quot;,&quot;credit&quot;:&quot;&quot;,&quot;camera&quot;:&quot;&quot;,&quot;caption&quot;:&quot;&quot;,&quot;created_timestamp&quot;:&quot;0&quot;,&quot;copyright&quot;:&quot;&quot;,&quot;focal_length&quot;:&quot;0&quot;,&quot;iso&quot;:&quot;0&quot;,&quot;shutter_speed&quot;:&quot;0&quot;,&quot;title&quot;:&quot;&quot;,&quot;orientation&quot;:&quot;0&quot;}\" data-image-title=\"red\" data-image-description=\"\" data-image-caption=\"&lt;p&gt;Chemistry Rediscovered competition, more information at www.euchems.eu\/chemistry-rediscovered&lt;\/p&gt;\n\" data-medium-file=\"https:\/\/i0.wp.com\/www.euchems.eu\/newsletters\/wp-content\/uploads\/2019\/05\/red.jpg?fit=300%2C199&amp;ssl=1\" data-large-file=\"https:\/\/i0.wp.com\/www.euchems.eu\/newsletters\/wp-content\/uploads\/2019\/05\/red.jpg?fit=912%2C606&amp;ssl=1\" loading=\"lazy\" class=\"wp-image-5615 size-medium\" src=\"https:\/\/i0.wp.com\/www.euchems.eu\/newsletters\/wp-content\/uploads\/2019\/05\/red.jpg?resize=300%2C199\" alt=\"\" width=\"300\" height=\"199\" srcset=\"https:\/\/i0.wp.com\/www.euchems.eu\/newsletters\/wp-content\/uploads\/2019\/05\/red.jpg?resize=300%2C199&amp;ssl=1 300w, https:\/\/i0.wp.com\/www.euchems.eu\/newsletters\/wp-content\/uploads\/2019\/05\/red.jpg?resize=768%2C510&amp;ssl=1 768w, https:\/\/i0.wp.com\/www.euchems.eu\/newsletters\/wp-content\/uploads\/2019\/05\/red.jpg?w=912&amp;ssl=1 912w\" sizes=\"(max-width: 300px) 100vw, 300px\" data-recalc-dims=\"1\" \/><figcaption id=\"caption-attachment-5615\" class=\"wp-caption-text\">Chemistry Rediscovered competition, more information at www.euchems.eu\/chemistry-rediscovered<\/figcaption><\/figure>\n<p>This year marks the 150<sup>th<\/sup> anniversary of Dimitri Mendeleev\u2019s development of the Periodic Table of Chemical Elements. Based on this important milestone in chemical history, the United Nations proclaimed 2019 as the <em>International Year of the Periodic Table of Chemical Elements<\/em>. The EYCN took the opportunity to organise the 2<sup>nd<\/sup> edition of its <em>Chemistry Rediscovered<\/em> video contest on this occasion. The competition was open for all young Europeans between 12 and 35 years of age and challenged them to create a video lasting a maximum of 90 seconds on the theme <em>\u201cIn your element\u201d<\/em>.<\/p>\n<p>Following up on the previous edition of <em>Chemistry Rediscovered<\/em> in 2017, this year\u2019s contest was a tremendous success and more than 250 videos were submitted from 17 different countries across Europe. The submissions showed a remarkable variety of chosen topics and, to our delight, most of the chemical elements were used as inspiration to make interesting and educational videos. It\u2019s noteworthy that more than 85% of the participants were under 18 years old, which highlights teenagers\u2019 interest for chemistry and science in general and is a pleasure to witness. After the jury\u2019s deliberation, the two winning teams were unveiled, one for each age category (under 18 and over 18 years old), and the winners will have the opportunity to attend a special event at the <em>Maison de la Chimie<\/em> organised by the young chemists during the 47<sup>th<\/sup> IUPAC World Chemistry Congress in July 2019 in Paris. At this event, the winners will be congratulated during an award ceremony and their videos will be shown in front of the large audience attending the event.<\/p>\n<p>We hope that this contest has encouraged young people, pupils and students alike, to tackle chemistry and experience the fun that science can provide. The winning videos will be published on our YouTube channel (youtube.eycn.eu) over the coming weeks. This year\u2019s edition of the <em>Chemistry Rediscovered<\/em> contest was a great success and we are now looking forward to the early organisational stages of the 3<sup>rd<\/sup> edition \u2013 coming in 2020.<\/p>\n<p style=\"text-align: right;\"><em>Maximilian Menche, S\u00e9bastien Pr\u00e9vost, EYCN<\/em><\/p>\n<p>[\/vc_column_text][vc_separator][\/vc_column][\/vc_row][vc_row css=&#8221;.vc_custom_1462798912371{margin-bottom: 40px !important;}&#8221;][vc_column][vc_column_text]<span style=\"font-size: 36pt; color: #003399;\"><strong><span style=\"font-size: 24pt;\">Food Chemistry for the future of Europe<br \/>\n<\/span><\/strong><\/span><\/p>\n<p><img data-attachment-id=\"5618\" data-permalink=\"https:\/\/www.euchems.eu\/newsletters\/chemistry-in-europe-2019-2\/research-2\/food\/\" data-orig-file=\"https:\/\/i0.wp.com\/www.euchems.eu\/newsletters\/wp-content\/uploads\/2019\/05\/food.png?fit=720%2C409&amp;ssl=1\" data-orig-size=\"720,409\" data-comments-opened=\"0\" data-image-meta=\"{&quot;aperture&quot;:&quot;0&quot;,&quot;credit&quot;:&quot;&quot;,&quot;camera&quot;:&quot;&quot;,&quot;caption&quot;:&quot;&quot;,&quot;created_timestamp&quot;:&quot;0&quot;,&quot;copyright&quot;:&quot;&quot;,&quot;focal_length&quot;:&quot;0&quot;,&quot;iso&quot;:&quot;0&quot;,&quot;shutter_speed&quot;:&quot;0&quot;,&quot;title&quot;:&quot;&quot;,&quot;orientation&quot;:&quot;0&quot;}\" data-image-title=\"food\" data-image-description=\"\" data-image-caption=\"\" data-medium-file=\"https:\/\/i0.wp.com\/www.euchems.eu\/newsletters\/wp-content\/uploads\/2019\/05\/food.png?fit=300%2C170&amp;ssl=1\" data-large-file=\"https:\/\/i0.wp.com\/www.euchems.eu\/newsletters\/wp-content\/uploads\/2019\/05\/food.png?fit=720%2C409&amp;ssl=1\" loading=\"lazy\" class=\"alignleft wp-image-5618 size-medium\" src=\"https:\/\/i0.wp.com\/www.euchems.eu\/newsletters\/wp-content\/uploads\/2019\/05\/food.png?resize=300%2C170\" alt=\"\" width=\"300\" height=\"170\" srcset=\"https:\/\/i0.wp.com\/www.euchems.eu\/newsletters\/wp-content\/uploads\/2019\/05\/food.png?resize=300%2C170&amp;ssl=1 300w, https:\/\/i0.wp.com\/www.euchems.eu\/newsletters\/wp-content\/uploads\/2019\/05\/food.png?w=720&amp;ssl=1 720w\" sizes=\"(max-width: 300px) 100vw, 300px\" data-recalc-dims=\"1\" \/><\/p>\n<p>The EuChemS Division of Food Chemistry is glad to announce that its Divisional Congress (EuroFoodChem XX) is soon approaching! Food Chemistry, a basic discipline within the Food Sciences, enables the understanding of the complex chemical and biochemical phenomena occurring in food and in processed food. Considering the deep interplays among Food Technology, Nutrition Sciences and Analytical Chemistry, Food Chemistry as a discipline allows us to improve our knowledge about traditional and novel foods, as well as elucidating the effect of traditional and novel processing on them. All these themes (and many others, particularly related to food bioactivity, regulatory affairs and food quality\/safety) will be debated during the next EuroFoodChem XX.<\/p>\n<p>Following the previous editions held in different European countries since 1981, the <strong>EuroFoodChem XX<\/strong> will take place from 17 \u2013 19 June 2019 in Porto, Portugal, under the auspices of the EuChemS Division of Food Chemistry and the Portuguese Chemical Society (SPQ).<\/p>\n<p><strong>One of the most important aims of the EuroFoodChem conferences is to provide a forum for discussion and exchange of innovative ideas between researchers from academia and industry who share a general interest in Food Chemistry in all its aspects and interfaces,<\/strong> including universities, research centres, industry professionals, consumers, policy makers and control authorities. Over the years, this conference has allowed the bringing together of students and younger colleagues with experienced researchers, allowing for the exchange of scientific and technological knowledge.<\/p>\n<p>The programme of the <a href=\"http:\/\/xxeurofoodchem.eventos.chemistry.pt\/\"><strong>EuroFoodChem XX<\/strong><\/a> will consist of a number of plenary sessions and keynotes on current topics, delivered by internationally renowned researchers. The scientific programme will also include several oral presentations and poster sessions, aiming at the scientific dissemination of the works and a high scientific quality. A competition for students\/young researchers on the Periodic Table and Food Chemistry to celebrate the International Year of the Periodic Table is also being prepared. The attendance of students is encouraged by affordable registration fees and by a best poster award contest, attributed to the best 3 posters presented at the conference. Abstracts submission for poster presentation is still open until 31 May 2019.<\/p>\n<p>The Organising Committee of EuroFoodChem XX looks forward to welcoming you in Porto!<\/p>\n<p style=\"text-align: right;\"><em>Marco Arlorio, Joana Amaral and Michael Murkovic<br \/>\n<\/em><em>EuChemS Division of Food Chemistry<\/em><\/p>\n<p><img data-attachment-id=\"5620\" data-permalink=\"https:\/\/www.euchems.eu\/newsletters\/chemistry-in-europe-2019-2\/research-2\/logo2\/\" data-orig-file=\"https:\/\/i0.wp.com\/www.euchems.eu\/newsletters\/wp-content\/uploads\/2019\/05\/logo2.png?fit=135%2C52&amp;ssl=1\" data-orig-size=\"135,52\" data-comments-opened=\"0\" data-image-meta=\"{&quot;aperture&quot;:&quot;0&quot;,&quot;credit&quot;:&quot;&quot;,&quot;camera&quot;:&quot;&quot;,&quot;caption&quot;:&quot;&quot;,&quot;created_timestamp&quot;:&quot;0&quot;,&quot;copyright&quot;:&quot;&quot;,&quot;focal_length&quot;:&quot;0&quot;,&quot;iso&quot;:&quot;0&quot;,&quot;shutter_speed&quot;:&quot;0&quot;,&quot;title&quot;:&quot;&quot;,&quot;orientation&quot;:&quot;0&quot;}\" data-image-title=\"logo2\" data-image-description=\"\" data-image-caption=\"\" data-medium-file=\"https:\/\/i0.wp.com\/www.euchems.eu\/newsletters\/wp-content\/uploads\/2019\/05\/logo2.png?fit=135%2C52&amp;ssl=1\" data-large-file=\"https:\/\/i0.wp.com\/www.euchems.eu\/newsletters\/wp-content\/uploads\/2019\/05\/logo2.png?fit=135%2C52&amp;ssl=1\" loading=\"lazy\" class=\"size-full wp-image-5620 aligncenter\" src=\"https:\/\/i0.wp.com\/www.euchems.eu\/newsletters\/wp-content\/uploads\/2019\/05\/logo2.png?resize=135%2C52\" alt=\"\" width=\"135\" height=\"52\" data-recalc-dims=\"1\" \/><img data-attachment-id=\"5619\" data-permalink=\"https:\/\/www.euchems.eu\/newsletters\/chemistry-in-europe-2019-2\/research-2\/logo1\/\" data-orig-file=\"https:\/\/i0.wp.com\/www.euchems.eu\/newsletters\/wp-content\/uploads\/2019\/05\/logo1.jpg?fit=138%2C65&amp;ssl=1\" data-orig-size=\"138,65\" data-comments-opened=\"0\" data-image-meta=\"{&quot;aperture&quot;:&quot;0&quot;,&quot;credit&quot;:&quot;&quot;,&quot;camera&quot;:&quot;&quot;,&quot;caption&quot;:&quot;&quot;,&quot;created_timestamp&quot;:&quot;0&quot;,&quot;copyright&quot;:&quot;&quot;,&quot;focal_length&quot;:&quot;0&quot;,&quot;iso&quot;:&quot;0&quot;,&quot;shutter_speed&quot;:&quot;0&quot;,&quot;title&quot;:&quot;&quot;,&quot;orientation&quot;:&quot;0&quot;}\" data-image-title=\"logo1\" data-image-description=\"\" data-image-caption=\"\" data-medium-file=\"https:\/\/i0.wp.com\/www.euchems.eu\/newsletters\/wp-content\/uploads\/2019\/05\/logo1.jpg?fit=138%2C65&amp;ssl=1\" data-large-file=\"https:\/\/i0.wp.com\/www.euchems.eu\/newsletters\/wp-content\/uploads\/2019\/05\/logo1.jpg?fit=138%2C65&amp;ssl=1\" loading=\"lazy\" class=\"size-medium wp-image-5619 aligncenter\" src=\"https:\/\/i0.wp.com\/www.euchems.eu\/newsletters\/wp-content\/uploads\/2019\/05\/logo1.jpg?resize=138%2C65\" alt=\"\" width=\"138\" height=\"65\" data-recalc-dims=\"1\" \/>[\/vc_column_text][vc_separator][\/vc_column][\/vc_row][vc_row][vc_column][\/vc_column][\/vc_row]<\/p>\n","protected":false},"excerpt":{"rendered":"<p>[vc_row css=&#8221;.vc_custom_1462799152464{margin-top: 0px !important;margin-right: 0px !important;margin-bottom: 40px !important;margin-left: 0px !important;border-top-width: 0px !important;border-right-width: 0px !important;border-bottom-width: 6px !important;border-left-width: 0px !important;padding-top: 0px !important;padding-right: &hellip; <\/p>\n","protected":false},"author":1,"featured_media":0,"parent":5592,"menu_order":0,"comment_status":"closed","ping_status":"closed","template":"","meta":{"jetpack_post_was_ever_published":false},"yoast_head":"<!-- This site is optimized with the Yoast SEO plugin v20.6 - https:\/\/yoast.com\/wordpress\/plugins\/seo\/ -->\n<title>Research - EuChemS Newsletters<\/title>\n<meta name=\"robots\" content=\"index, follow, max-snippet:-1, max-image-preview:large, max-video-preview:-1\" \/>\n<link rel=\"canonical\" href=\"https:\/\/www.euchems.eu\/newsletters\/chemistry-in-europe-2019-2\/research-2\/\" \/>\n<meta property=\"og:locale\" content=\"en_US\" \/>\n<meta property=\"og:type\" content=\"article\" \/>\n<meta property=\"og:title\" content=\"Research - EuChemS Newsletters\" \/>\n<meta property=\"og:description\" content=\"[vc_row css=&#8221;.vc_custom_1462799152464{margin-top: 0px !important;margin-right: 0px !important;margin-bottom: 40px !important;margin-left: 0px !important;border-top-width: 0px !important;border-right-width: 0px !important;border-bottom-width: 6px !important;border-left-width: 0px !important;padding-top: 0px !important;padding-right: &hellip;\" \/>\n<meta property=\"og:url\" content=\"https:\/\/www.euchems.eu\/newsletters\/chemistry-in-europe-2019-2\/research-2\/\" \/>\n<meta property=\"og:site_name\" content=\"EuChemS Newsletters\" \/>\n<meta property=\"article:modified_time\" content=\"2019-10-28T07:34:51+00:00\" \/>\n<meta property=\"og:image\" content=\"http:\/\/www.euchems.eu\/newsletters\/wp-content\/uploads\/2019\/05\/fghfh.png\" \/>\n<meta name=\"twitter:card\" content=\"summary_large_image\" \/>\n<meta name=\"twitter:label1\" content=\"Est. reading time\" \/>\n\t<meta name=\"twitter:data1\" content=\"7 minutes\" \/>\n<script type=\"application\/ld+json\" class=\"yoast-schema-graph\">{\"@context\":\"https:\/\/schema.org\",\"@graph\":[{\"@type\":\"WebPage\",\"@id\":\"https:\/\/www.euchems.eu\/newsletters\/chemistry-in-europe-2019-2\/research-2\/\",\"url\":\"https:\/\/www.euchems.eu\/newsletters\/chemistry-in-europe-2019-2\/research-2\/\",\"name\":\"Research - EuChemS Newsletters\",\"isPartOf\":{\"@id\":\"https:\/\/www.euchems.eu\/newsletters\/#website\"},\"datePublished\":\"2019-05-06T07:55:33+00:00\",\"dateModified\":\"2019-10-28T07:34:51+00:00\",\"breadcrumb\":{\"@id\":\"https:\/\/www.euchems.eu\/newsletters\/chemistry-in-europe-2019-2\/research-2\/#breadcrumb\"},\"inLanguage\":\"en-US\",\"potentialAction\":[{\"@type\":\"ReadAction\",\"target\":[\"https:\/\/www.euchems.eu\/newsletters\/chemistry-in-europe-2019-2\/research-2\/\"]}]},{\"@type\":\"BreadcrumbList\",\"@id\":\"https:\/\/www.euchems.eu\/newsletters\/chemistry-in-europe-2019-2\/research-2\/#breadcrumb\",\"itemListElement\":[{\"@type\":\"ListItem\",\"position\":1,\"name\":\"Home\",\"item\":\"https:\/\/www.euchems.eu\/newsletters\/\"},{\"@type\":\"ListItem\",\"position\":2,\"name\":\"Chemistry in Europe \u2022 2019-2\",\"item\":\"https:\/\/www.euchems.eu\/newsletters\/chemistry-in-europe-2019-2\/\"},{\"@type\":\"ListItem\",\"position\":3,\"name\":\"Research\"}]},{\"@type\":\"WebSite\",\"@id\":\"https:\/\/www.euchems.eu\/newsletters\/#website\",\"url\":\"https:\/\/www.euchems.eu\/newsletters\/\",\"name\":\"EuChemS Newsletters\",\"description\":\"\",\"potentialAction\":[{\"@type\":\"SearchAction\",\"target\":{\"@type\":\"EntryPoint\",\"urlTemplate\":\"https:\/\/www.euchems.eu\/newsletters\/?s={search_term_string}\"},\"query-input\":\"required name=search_term_string\"}],\"inLanguage\":\"en-US\"}]}<\/script>\n<!-- \/ Yoast SEO plugin. -->","yoast_head_json":{"title":"Research - EuChemS Newsletters","robots":{"index":"index","follow":"follow","max-snippet":"max-snippet:-1","max-image-preview":"max-image-preview:large","max-video-preview":"max-video-preview:-1"},"canonical":"https:\/\/www.euchems.eu\/newsletters\/chemistry-in-europe-2019-2\/research-2\/","og_locale":"en_US","og_type":"article","og_title":"Research - EuChemS Newsletters","og_description":"[vc_row css=&#8221;.vc_custom_1462799152464{margin-top: 0px !important;margin-right: 0px !important;margin-bottom: 40px !important;margin-left: 0px !important;border-top-width: 0px !important;border-right-width: 0px !important;border-bottom-width: 6px !important;border-left-width: 0px !important;padding-top: 0px !important;padding-right: &hellip;","og_url":"https:\/\/www.euchems.eu\/newsletters\/chemistry-in-europe-2019-2\/research-2\/","og_site_name":"EuChemS Newsletters","article_modified_time":"2019-10-28T07:34:51+00:00","og_image":[{"url":"http:\/\/www.euchems.eu\/newsletters\/wp-content\/uploads\/2019\/05\/fghfh.png"}],"twitter_card":"summary_large_image","twitter_misc":{"Est. reading time":"7 minutes"},"schema":{"@context":"https:\/\/schema.org","@graph":[{"@type":"WebPage","@id":"https:\/\/www.euchems.eu\/newsletters\/chemistry-in-europe-2019-2\/research-2\/","url":"https:\/\/www.euchems.eu\/newsletters\/chemistry-in-europe-2019-2\/research-2\/","name":"Research - EuChemS Newsletters","isPartOf":{"@id":"https:\/\/www.euchems.eu\/newsletters\/#website"},"datePublished":"2019-05-06T07:55:33+00:00","dateModified":"2019-10-28T07:34:51+00:00","breadcrumb":{"@id":"https:\/\/www.euchems.eu\/newsletters\/chemistry-in-europe-2019-2\/research-2\/#breadcrumb"},"inLanguage":"en-US","potentialAction":[{"@type":"ReadAction","target":["https:\/\/www.euchems.eu\/newsletters\/chemistry-in-europe-2019-2\/research-2\/"]}]},{"@type":"BreadcrumbList","@id":"https:\/\/www.euchems.eu\/newsletters\/chemistry-in-europe-2019-2\/research-2\/#breadcrumb","itemListElement":[{"@type":"ListItem","position":1,"name":"Home","item":"https:\/\/www.euchems.eu\/newsletters\/"},{"@type":"ListItem","position":2,"name":"Chemistry in Europe \u2022 2019-2","item":"https:\/\/www.euchems.eu\/newsletters\/chemistry-in-europe-2019-2\/"},{"@type":"ListItem","position":3,"name":"Research"}]},{"@type":"WebSite","@id":"https:\/\/www.euchems.eu\/newsletters\/#website","url":"https:\/\/www.euchems.eu\/newsletters\/","name":"EuChemS Newsletters","description":"","potentialAction":[{"@type":"SearchAction","target":{"@type":"EntryPoint","urlTemplate":"https:\/\/www.euchems.eu\/newsletters\/?s={search_term_string}"},"query-input":"required name=search_term_string"}],"inLanguage":"en-US"}]}},"jetpack_shortlink":"https:\/\/wp.me\/P7iPLy-1sh","jetpack_sharing_enabled":true,"_links":{"self":[{"href":"https:\/\/www.euchems.eu\/newsletters\/wp-json\/wp\/v2\/pages\/5597"}],"collection":[{"href":"https:\/\/www.euchems.eu\/newsletters\/wp-json\/wp\/v2\/pages"}],"about":[{"href":"https:\/\/www.euchems.eu\/newsletters\/wp-json\/wp\/v2\/types\/page"}],"author":[{"embeddable":true,"href":"https:\/\/www.euchems.eu\/newsletters\/wp-json\/wp\/v2\/users\/1"}],"replies":[{"embeddable":true,"href":"https:\/\/www.euchems.eu\/newsletters\/wp-json\/wp\/v2\/comments?post=5597"}],"version-history":[{"count":8,"href":"https:\/\/www.euchems.eu\/newsletters\/wp-json\/wp\/v2\/pages\/5597\/revisions"}],"predecessor-version":[{"id":6049,"href":"https:\/\/www.euchems.eu\/newsletters\/wp-json\/wp\/v2\/pages\/5597\/revisions\/6049"}],"up":[{"embeddable":true,"href":"https:\/\/www.euchems.eu\/newsletters\/wp-json\/wp\/v2\/pages\/5592"}],"wp:attachment":[{"href":"https:\/\/www.euchems.eu\/newsletters\/wp-json\/wp\/v2\/media?parent=5597"}],"curies":[{"name":"wp","href":"https:\/\/api.w.org\/{rel}","templated":true}]}}